culate the remainder when 7072 is divided by 101.
2
What is the remainder when 12262 is divided by 3936?
454
Calculate the remainder when 2776 is divided by 459.
22
Calculate the remainder when 13210 is divided by 1920.
1690
Calculate the remainder when 2509 is divided by 2109.
400
What is the remainder when 2509374 is divided by 625?
624
What is the remainder when 29484 is divided by 73?
65
What is the remainder when 164136 is divided by 23447?
7
What is the remainder when 4910 is divided by 825?
785
What is the remainder when 66236 is divided by 144?
140
What is the remainder when 1855 is divided by 200?
55
What is the remainder when 9434 is divided by 4674?
86
Calculate the remainder when 10839 is divided by 40.
39
What is the remainder when 2071664 is divided by 3726?
8
Calculate the remainder when 24114 is divided by 2327.
844
What is the remainder when 15119 is divided by 34?
23
Calculate the remainder when 500 is divided by 353.
147
What is the remainder when 107669 is divided by 5382?
29
Calculate the remainder when 9658 is divided by 293.
282
What is the remainder when 3757 is divided by 406?
103
What is the remainder when 34804 is divided by 17399?
6
Calculate the remainder when 10488 is divided by 122.
118
What is the remainder when 17390 is divided by 109?
59
What is the remainder when 18290 is divided by 6077?
59
Calculate the remainder when 15723 is divided by 15647.
76
What is the remainder when 95301 is divided by 899?
7
Calculate the remainder when 8078 is divided by 1191.
932
What is the remainder when 95532 is divided by 15919?
18
Calculate the remainder when 33389 is divided by 66.
59
What is the remainder when 156132 is divided by 673?
669
What is the remainder when 96094 is divided by 1?
0
Calculate the remainder when 3034 is divided by 492.
82
Calculate the remainder when 526 is divided by 259.
8
What is the remainder when 8667 is divided by 1236?
15
Calculate the remainder when 105333 is divided by 481.
475
What is the remainder when 1180330 is divided by 295078?
18
Calculate the remainder when 7976 is divided by 54.
38
Calculate the remainder when 62152 is divided by 6214.
12
What is the remainder when 16994 is divided by 35?
19
Calculate the remainder when 15871 is divided by 5265.
76
What is the remainder when 18251 is divided by 493?
10
Calculate the remainder when 16076 is divided by 56.
4
What is the remainder when 94716 is divided by 31569?
9
What is the remainder when 30903 is divided by 442?
405
What is the remainder when 14549 is divided by 30?
29
What is the remainder when 17888 is divided by 4428?
176
Calculate the remainder when 127075 is divided by 104.
91
What is the remainder when 1820 is divided by 893?
34
Calculate the remainder when 27454 is divided by 549.
4
Calculate the remainder when 240697 is divided by 1294.
13
What is the remainder when 17991 is divided by 3598?
1
Calculate the remainder when 61346 is divided by 468.
38
Calculate the remainder when 4707 is divided by 2323.
61
Calculate the remainder when 625 is divided by 307.
11
Calculate the remainder when 2125 is divided by 48.
13
Calculate the remainder when 10121 is divided by 899.
232
Calculate the remainder when 34491 is divided by 34482.
9
Calculate the remainder when 226869 is divided by 245.
244
Calculate the remainder when 629 is divided by 572.
57
Calculate the remainder when 3359 is divided by 40.
39
Calculate the remainder when 35769 is divided by 17879.
11
Calculate the remainder when 29028 is divided by 436.
252
What is the remainder when 734951 is divided by 6?
5
Calculate the remainder when 2135 is divided by 1309.
826
What is the remainder when 57930 is divided by 110?
70
Calculate the remainder when 119715 is divided by 162.
159
Calculate the remainder when 673396 is divided by 260.
256
Calculate the remainder when 7543 is divided by 1249.
49
Calculate the remainder when 5417 is divided by 285.
2
What is the remainder when 135715 is divided by 67855?
5
What is the remainder when 15997 is divided by 78?
7
What is the remainder when 247502 is divided by 25?
2
What is the remainder when 4756 is divided by 1395?
571
What is the remainder when 149008 is divided by 193?
12
What is the remainder when 51723 is divided by 23?
19
What is the remainder when 225143 is divided by 36?
35
What is the remainder when 150819 is divided by 19?
16
Calculate the remainder when 392353 is divided by 19.
3
What is the remainder when 3134 is divided by 130?
14
What is the remainder when 7734 is divided by 288?
246
Calculate the remainder when 2252 is divided by 552.
44
Calculate the remainder when 62492 is divided by 2.
0
Calculate the remainder when 288837 is divided by 232.
229
Calculate the remainder when 2492274 is divided by 830751.
21
What is the remainder when 39432 is divided by 477?
318
What is the remainder when 84154 is divided by 526?
520
Calculate the remainder when 6861 is divided by 12.
9
What is the remainder when 40587 is divided by 2?
1
What is the remainder when 6535 is divided by 157?
98
Calculate the remainder when 5097 is divided by 2541.
15
Calculate the remainder when 13492 is divided by 751.
725
What is the remainder when 1340 is divided by 8?
4
What is the remainder when 25524 is divided by 216?
36
Calculate the remainder when 18722 is divided by 6227.
41
What is the remainder when 28117 is divided by 4684?
13
What is the remainder when 693 is divided by 44?
33
What is the remainder when 10023 is divided by 68?
27
What is the remainder when 1833052 is divided by 138?
136
Calculate the remainder when 126107 is divided by 469.
415
Calculate the remainder when 5886 is divided by 326.
18
Calculate the remainder when 6065 is divided by 2650.
765
Calculate the remainder when 61039 is divided by 355.
334
Calculate the remainder when 62228 is divided by 52.
36
Calculate the remainder when 1454 is divided by 1425.
29
What is the remainder when 9396 is divided by 8897?
499
What is the remainder when 133936 is divided by 21?
19
What is the remainder when 2063 is divided by 72?
47
Calculate the remainder when 5838739 is divided by 886.
885
Calculate the remainder when 90118 is divided by 8.
6
Calculate the remainder when 100864 is divided by 12.
4
Calculate the remainder when 866 is divided by 241.
143
What is the remainder when 6302 is divided by 1260?
2
Calculate the remainder when 161934 is divided by 233.
232
What is the remainder when 301642 is divided by 196?
194
Calculate the remainder when 5240 is divided by 491.
330
Calculate the remainder when 5167 is divided by 1712.
31
Calculate the remainder when 18262 is divided by 914.
896
Calculate the remainder when 7749 is divided by 172.
9
Calculate the remainder when 198138 is divided by 1107.
1092
What is the remainder when 5243 is divided by 1051?
1039
What is the remainder when 2847 is divided by 437?
225
Calculate the remainder when 9416 is divided by 732.
632
Calculate the remainder when 20857 is divided by 94.
83
Calculate the remainder when 26397 is divided by 88.
85
Calculate the remainder when 266439 is divided by 1129.
1124
Calculate the remainder when 1350 is divided by 34.
24
What is the remainder when 133002 is divided by 322?
16
What is the remainder when 421257 is divided by 28?
25
What is the remainder when 1992 is divided by 371?
137
What is the remainder when 842059 is divided by 6959?
20
Calculate the remainder when 608065 is divided by 304025.
15
What is the remainder when 1053399 is divided by 195?
9
What is the remainder when 5097 is divided by 423?
21
What is the remainder when 6786 is divided by 207?
162
Calculate the remainder when 87221 is divided by 614.
33
What is the remainder when 36897 is divided by 34?
7
What is the remainder when 1456 is divided by 20?
16
Calculate the remainder when 184641 is divided by 276.
273
What is the remainder when 11084 is divided by 3658?
110
What is the remainder when 3255 is divided by 3205?
50
What is the remainder when 7524 is divided by 269?
261
What is the remainder when 952 is divided by 47?
12
Calculate the remainder when 112502 is divided by 41.
39
Calculate the remainder when 28784 is divided by 118.
110
What is the remainder when 820207 is divided by 10?
7
What is the remainder when 2255757 is divided by 482